34
What is -1431111 (base 6) in base 15?
-19407
What is -1011110100011011010 (base 2) in base 14?
-a11d8
-1011011100011111101011 (base 2) to base 9
-5572565
What is 3013636 (base 7) in base 9?
603261
211110010012 (base 3) to base 5
103114420
11a74 (base 15) to base 4
31300213
17642298 (base 10) to base 4
1003103030322
-11163041 (base 8) to base 5
-1104340314
-3734133 (base 10) to base 2
-1110001111101001110101
What is 113434313 (base 6) in base 7?
24102633
What is 4001043 (base 5) in base 7?
350435
What is 197b584 (base 12) in base 15?
717287
Convert -1112211033 (base 4) to base 12.
-151293
What is -220100220221 (base 3) in base 11?
-2a8394
-5628a (base 12) to base 7
-654436
What is -130732 (base 10) in base 7?
-1053100
9c161a (base 13) to base 9
6840386
Convert -3753232 (base 10) to base 9.
-7050417
What is -1151408 (base 9) in base 4?
-2120123210
What is -11748 (base 14) in base 11?
-2a004
Convert 1112020022121 (base 3) to base 16.
c6259
Convert -3a83a (base 12) to base 8.
-235456
What is -8535913 (base 10) in base 9?
-17050057
55442405 (base 6) to base 14
316777
-2a921 (base 12) to base 4
-32222221
What is 321231133 (base 4) in base 3?
110000020221
Convert -20211220201 (base 3) to base 9.
-224821
Convert -210888 (base 9) to base 3.
-20100222222
Convert -3235d (base 16) to base 13.
-727c1
11545756 (base 8) to base 2
1001101100101111101110
Convert 6fd24c (base 16) to base 13.
16977bb
What is 170439 (base 11) in base 4?
1000132000
171e1a (base 15) to base 8
4214054
114550 (base 8) to base 3
1222212112
What is -1226379 (base 14) in base 11?
-4a01901
-15c973 (base 15) to base 9
-1877330
17cdb0 (base 15) to base 10
1157340
Convert 269b5 (base 13) to base 7.
416556
What is ddb01 (base 14) in base 13?
15a6bc
210221010212 (base 3) to base 5
102303142
What is 1102101221 (base 3) in base 15?
8467
Convert 11010100010111011100101 (base 2) to base 5.
3240140241
121022102012 (base 3) to base 7
2505020
34011333 (base 6) to base 7
11511204
Convert -13671 (base 11) to base 2.
-100101111101110
Convert -15a62e1 (base 15) to base 11.
-8963726
111000001100000 (base 2) to base 9
43414
252436 (base 9) to base 15
303b3
Convert -432412041 (base 5) to base 4.
-13001211301
What is -6256 (base 10) in base 4?
-1201300
What is -103513123 (base 6) in base 10?
-1860459
Convert -985119 (base 14) to base 12.
-188b103
What is -12212002211201 (base 3) in base 16?
-2f7c31
-3db84 (base 15) to base 5
-22321344
Convert 53465 (base 14) to base 2.
110001000111100001
Convert ba734 (base 12) to base 6.
5140504
What is 2321101322 (base 4) in base 8?
2712172
Convert 2252438 (base 9) to base 12.
4a7582
-5300200 (base 6) to base 8
-765250
184224 (base 9) to base 11
79146
Convert 4b368 (base 16) to base 11.
1a0506
35003a4 (base 11) to base 3
102111221122001
-22011110121 (base 3) to base 8
-471720
What is -721269 (base 13) in base 14?
-4d2d3d
1ab00 (base 13) to base 10
52390
-10000111110011000 (base 2) to base 5
-4211103
What is 20200220000 (base 3) in base 12?
64390
Convert -110111001001110111000 (base 2) to base 11.
-102492a
What is 25431 (base 11) in base 10?
36455
-124523413 (base 6) to base 2
-1001011010101000100001
1032706 (base 12) to base 14
5966b4
-412b (base 16) to base 14
-6119
What is 56527453 (base 8) in base 5?
11113001124
Convert 3930c (base 15) to base 6.
3530533
364430 (base 9) to base 16
35a84
What is -766b4 (base 14) in base 9?
-476256
What is 10011001101010101 (base 2) in base 4?
103031111
What is -3211131121 (base 4) in base 15?
-13872a
What is -2db0d1 (base 15) in base 13?
-5c6a9a
-5a6a2d (base 14) to base 6
-150133345
11003031 (base 5) to base 15
1cd61
Convert -1302133121 (base 5) to base 3.
-12221121222120
Convert -362010 (base 14) to base 6.
-103350210
What is 11365336 (base 7) in base 5?
224223113
Convert -204031343 (base 5) to base 9.
-1528251
Convert -58706 (base 9) to base 7.
-222213
157b546 (base 13) to base 6
404022423
2022133103 (base 4) to base 12
23432b
What is 30a78 (base 13) in base 9?
142881
Convert -243ac (base 13) to base 4.
-100033333
-6837343 (base 9) to base 14
-6bd494
What is 11100212021 (base 3) in base 15?
1a6d1
-11877 (base 16) to base 8
-214167
Convert -10001000100000110101010 (base 2) to base 3.
-22102021011020
Convert -2210421231 (base 5) to base 9.
-8884288
Convert -100100001001010101 (base 2) to base 11.
-a1264
What is 141076 (base 8) in base 12?
2493a
Convert 221646 (base 8) to base 10.
74662
Convert -1101110010101010 (base 2) to base 14.
-16830
Convert -154423311 (base 6) to base 5.
-1321103004
Convert -2248098 (base 12) to base 8.
-31031164
Convert c7b33 (base 14) to base 15.
97e01
What is -21738aa (base 11) in base 3?
-21011122201121
1a4747 (base 11) to base 16
4c953
-297479 (base 10) to base 13
-a5530
-2013133103 (base 4) to base 8
-2073723
Convert 524320 (base 7) to base 5.
10342440
What is 62495 (base 10) in base 15?
137b5
1473cad (base 14) to base 9
20661181
What is -2213305 (base 6) in base 7?
-641246
Convert 11210201201112 (base 3) to base 9.
4721645
Convert -460767 (base 12) to base 5.
-241331311
Convert -25236a3 (base 11) to base 10.
-4382491
4123b45 (base 12) to base 7
206022140
Convert -43410114 (base 5) to base 4.
-1122330312
-131002313110 (base 4) to base 6
-431105324
Convert 3331011110 (base 5) to base 12.
253217a
-1344215132 (base 6) to base 14
-227d81a
111110101001011010011 (base 2) to base 13
56b4b2
What is a385 (base 11) in base 13?
635c
-2b2712 (base 14) to base 9
-2743543
What is 421404001 (base 5) in base 9?
3252848
Convert -15268c (base 14) to base 12.
-2b63b0
Convert -377038 (base 9) to base 14.
-5d24c
-169341 (base 16) to base 15
-1e3579
Convert -203034141 (base 5) to base 7.
-10026263
-332215304 (base 6) to base 14
-b1cd3a
What is -230969 (base 12) in base 6?
-20010213
Convert 1205052 (base 9) to base 5.
131400411
Convert -134730 (base 13) to base 16.
-7202a
What is 133520302 (base 7) in base 9?
17285084
What is 226363 (base 8) in base 9?
126613
Convert 112314230 (base 5) to base 14.
d40cd
What is 37a7 (base 15) in base 2?
10111001010001
What is 4b37b5 (base 15) in base 9?
6705748
What is 1999 (base 10) in base 12?
11a7
What is -66405 (base 8) in base 5?
-1343114
4040582 (base 10) to base 8
17323606
45165 (base 13) to base 14
33a2d
What is -60392 (base 10) in base 13?
-21647
101101001100100010011 (base 2) to base 7
15405503
Convert -532 (base 13) to base 12.
-61a
4240340 (base 5) to base 9
117772
What is 1416235 (base 8) in base 13?
11040b
Convert 100011110111001111 (base 2) to base 3.
21110111120
What is 16034512 (base 7) in base 4?
11313203122
20471a (base 16) to base 7
23660133
Convert 24130 (base 14) to base 10.
88046
Convert -1130515 (base 7) to base 16.
-22a5c
-24227d (base 15) to base 7
-20456362
Convert -48efa (base 16) to base 3.
-120011210200
Convert 268953 (base 11) to base 3.
210102112010
What is -203323103 (base 4) in base 10?
-147155
11a234 (base 13) to base 9
713136
Convert -203231003 (base 4) to base 14.
-3b41d
What is -100012000002 (base 3) in base 2?
-101100001000111010
What is 14187167 (base 9) in base 7?
113500360
-120015 (base 10) to base 7
-1006620
223162 (base 7) to base 9
60211
What is 1840075 (base 10) in base 4?
13001033023
What is 211959 (base 16) in base 7?
24303063
Convert -cf5e8b (base 16) to base 9.
-27513162
Convert -33464 (base 8) to base 15.
-42c2
Convert 112221021011100 (base 3) to base 12.
27a9539
What is -2353451 (base 8) in base 9?
-1182571
What is 450101 (base 7) in base 4?
103112303
Convert -10125a (base 11) to base 16.
-27b81
Convert -131300200 (base 4) to base 2.
-11101110000100000
11279 (base 11) to base 10
16300
-1001100100100101111000 (base 2) to base 12
-a100a0
57214c (base 13) to base 11
1188524
What is -208a56 (base 12) in base 14?
-d4d46
Convert -abbd (base 15) to base 6.
-440311
Convert -30012201100 (base 4) to base 12.
-108ba94
Convert 2bf80 (base 16) to base 5.
21230341
-1019c5 (base 15) to base 16
-bac20
Convert -11948 (base 13) to base 9.
-48322
What is 4426046 (base 10) in base 15?
5c664b
What is 201002000121 (base 3) in base 10?
375451
-17675 (base 14) to base 8
-163027
Convert 19048 (base 16) to base 12.
4b374
1100010000010111010110 (base 2) to base 7
36210433
-116d79 (base 14) to base 2
-10010001010110011111
Convert -1302010222 (base 4) to base 8.
-16